{"id":6269,"date":"2020-09-03T20:07:08","date_gmt":"2020-09-03T18:07:08","guid":{"rendered":"https:\/\/termen.pl\/katalog\/?page_id=6269"},"modified":"2020-10-28T22:44:31","modified_gmt":"2020-10-28T21:44:31","slug":"katalog-produktow","status":"publish","type":"page","link":"https:\/\/termen.pl\/katalog\/","title":{"rendered":"Katalog produkt\u00f3w"},"content":{"rendered":"\n<p><\/p>\n\n\n\n<div class=\"wp-block-columns is-layout-flex wp-container-core-columns-is-layout-9d6595d7 wp-block-columns-is-layout-flex\">\n<div class=\"wp-block-column is-layout-flow wp-block-column-is-layout-flow\"><\/div>\n<\/div>\n","protected":false},"excerpt":{"rendered":"","protected":false},"author":1,"featured_media":0,"parent":0,"menu_order":0,"comment_status":"closed","ping_status":"closed","template":"page-kat.php","meta":{"footnotes":""},"class_list":["post-6269","page","type-page","status-publish","hentry"],"yoast_head":"<!-- This site is optimized with the Yoast SEO plugin v27.3 - https:\/\/yoast.com\/product\/yoast-seo-wordpress\/ -->\n<title>Katalog produkt\u00f3w - TERMEN<\/title>\n<meta name=\"description\" content=\"Katalog produktukt\u00f3w z opisem, danymi technicznymi i cenami katalogowymi, dzi\u0119ki czemu szybko znajdziesz odpowiedni produkt.\" \/>\n<meta name=\"robots\" content=\"index, follow, max-snippet:-1, max-image-preview:large, max-video-preview:-1\" \/>\n<link rel=\"canonical\" href=\"https:\/\/termen.pl\/katalog\/\" \/>\n<meta property=\"og:locale\" content=\"pl_PL\" \/>\n<meta property=\"og:type\" content=\"article\" \/>\n<meta property=\"og:title\" content=\"Katalog produkt\u00f3w - TERMEN\" \/>\n<meta property=\"og:description\" content=\"Katalog produktukt\u00f3w z opisem, danymi technicznymi i cenami katalogowymi, dzi\u0119ki czemu szybko znajdziesz odpowiedni produkt.\" \/>\n<meta property=\"og:url\" content=\"https:\/\/termen.pl\/katalog\/\" \/>\n<meta property=\"og:site_name\" content=\"TERMEN\" \/>\n<meta property=\"article:modified_time\" content=\"2020-10-28T21:44:31+00:00\" \/>\n<meta name=\"twitter:card\" content=\"summary_large_image\" \/>\n<script type=\"application\/ld+json\" class=\"yoast-schema-graph\">{\"@context\":\"https:\\\/\\\/schema.org\",\"@graph\":[{\"@type\":\"WebPage\",\"@id\":\"https:\\\/\\\/termen.pl\\\/katalog\\\/\",\"url\":\"https:\\\/\\\/termen.pl\\\/katalog\\\/\",\"name\":\"Katalog produkt\u00f3w - TERMEN\",\"isPartOf\":{\"@id\":\"https:\\\/\\\/termen.pl\\\/katalog\\\/#website\"},\"datePublished\":\"2020-09-03T18:07:08+00:00\",\"dateModified\":\"2020-10-28T21:44:31+00:00\",\"description\":\"Katalog produktukt\u00f3w z opisem, danymi technicznymi i cenami katalogowymi, dzi\u0119ki czemu szybko znajdziesz odpowiedni produkt.\",\"breadcrumb\":{\"@id\":\"https:\\\/\\\/termen.pl\\\/katalog\\\/#breadcrumb\"},\"inLanguage\":\"pl-PL\",\"potentialAction\":[{\"@type\":\"ReadAction\",\"target\":[\"https:\\\/\\\/termen.pl\\\/katalog\\\/\"]}]},{\"@type\":\"BreadcrumbList\",\"@id\":\"https:\\\/\\\/termen.pl\\\/katalog\\\/#breadcrumb\",\"itemListElement\":[{\"@type\":\"ListItem\",\"position\":1,\"name\":\"Katalog\",\"item\":\"https:\\\/\\\/termen.pl\\\/katalog\\\/\"},{\"@type\":\"ListItem\",\"position\":2,\"name\":\"Katalog produkt\u00f3w\"}]},{\"@type\":\"WebSite\",\"@id\":\"https:\\\/\\\/termen.pl\\\/katalog\\\/#website\",\"url\":\"https:\\\/\\\/termen.pl\\\/katalog\\\/\",\"name\":\"TERMEN\",\"description\":\"TERMEN jest producentem urz\u0105dze\u0144 dla ciep\u0142ownictwa, ch\u0142odnictwa i klimatyzacji. Oferujemy filtroodmulniki, sprz\u0119g\u0142a hydrauliczne, zbiorniki ci\u015bnieniowe, spr\u0119\u017conego powietrza, stabilizatory i regulatory temperatury\",\"publisher\":{\"@id\":\"https:\\\/\\\/termen.pl\\\/katalog\\\/#organization\"},\"potentialAction\":[{\"@type\":\"SearchAction\",\"target\":{\"@type\":\"EntryPoint\",\"urlTemplate\":\"https:\\\/\\\/termen.pl\\\/katalog\\\/?s={search_term_string}\"},\"query-input\":{\"@type\":\"PropertyValueSpecification\",\"valueRequired\":true,\"valueName\":\"search_term_string\"}}],\"inLanguage\":\"pl-PL\"},{\"@type\":\"Organization\",\"@id\":\"https:\\\/\\\/termen.pl\\\/katalog\\\/#organization\",\"name\":\"Termen SA\",\"url\":\"https:\\\/\\\/termen.pl\\\/katalog\\\/\",\"logo\":{\"@type\":\"ImageObject\",\"inLanguage\":\"pl-PL\",\"@id\":\"https:\\\/\\\/termen.pl\\\/katalog\\\/#\\\/schema\\\/logo\\\/image\\\/\",\"url\":\"http:\\\/\\\/termen.pl\\\/katalog\\\/wp-content\\\/uploads\\\/2020\\\/08\\\/logo-termen-1.png\",\"contentUrl\":\"http:\\\/\\\/termen.pl\\\/katalog\\\/wp-content\\\/uploads\\\/2020\\\/08\\\/logo-termen-1.png\",\"width\":83,\"height\":92,\"caption\":\"Termen SA\"},\"image\":{\"@id\":\"https:\\\/\\\/termen.pl\\\/katalog\\\/#\\\/schema\\\/logo\\\/image\\\/\"}}]}<\/script>\n<!-- \/ Yoast SEO plugin. -->","yoast_head_json":{"title":"Katalog produkt\u00f3w - TERMEN","description":"Katalog produktukt\u00f3w z opisem, danymi technicznymi i cenami katalogowymi, dzi\u0119ki czemu szybko znajdziesz odpowiedni produkt.","robots":{"index":"index","follow":"follow","max-snippet":"max-snippet:-1","max-image-preview":"max-image-preview:large","max-video-preview":"max-video-preview:-1"},"canonical":"https:\/\/termen.pl\/katalog\/","og_locale":"pl_PL","og_type":"article","og_title":"Katalog produkt\u00f3w - TERMEN","og_description":"Katalog produktukt\u00f3w z opisem, danymi technicznymi i cenami katalogowymi, dzi\u0119ki czemu szybko znajdziesz odpowiedni produkt.","og_url":"https:\/\/termen.pl\/katalog\/","og_site_name":"TERMEN","article_modified_time":"2020-10-28T21:44:31+00:00","twitter_card":"summary_large_image","schema":{"@context":"https:\/\/schema.org","@graph":[{"@type":"WebPage","@id":"https:\/\/termen.pl\/katalog\/","url":"https:\/\/termen.pl\/katalog\/","name":"Katalog produkt\u00f3w - TERMEN","isPartOf":{"@id":"https:\/\/termen.pl\/katalog\/#website"},"datePublished":"2020-09-03T18:07:08+00:00","dateModified":"2020-10-28T21:44:31+00:00","description":"Katalog produktukt\u00f3w z opisem, danymi technicznymi i cenami katalogowymi, dzi\u0119ki czemu szybko znajdziesz odpowiedni produkt.","breadcrumb":{"@id":"https:\/\/termen.pl\/katalog\/#breadcrumb"},"inLanguage":"pl-PL","potentialAction":[{"@type":"ReadAction","target":["https:\/\/termen.pl\/katalog\/"]}]},{"@type":"BreadcrumbList","@id":"https:\/\/termen.pl\/katalog\/#breadcrumb","itemListElement":[{"@type":"ListItem","position":1,"name":"Katalog","item":"https:\/\/termen.pl\/katalog\/"},{"@type":"ListItem","position":2,"name":"Katalog produkt\u00f3w"}]},{"@type":"WebSite","@id":"https:\/\/termen.pl\/katalog\/#website","url":"https:\/\/termen.pl\/katalog\/","name":"TERMEN","description":"TERMEN jest producentem urz\u0105dze\u0144 dla ciep\u0142ownictwa, ch\u0142odnictwa i klimatyzacji. Oferujemy filtroodmulniki, sprz\u0119g\u0142a hydrauliczne, zbiorniki ci\u015bnieniowe, spr\u0119\u017conego powietrza, stabilizatory i regulatory temperatury","publisher":{"@id":"https:\/\/termen.pl\/katalog\/#organization"},"potentialAction":[{"@type":"SearchAction","target":{"@type":"EntryPoint","urlTemplate":"https:\/\/termen.pl\/katalog\/?s={search_term_string}"},"query-input":{"@type":"PropertyValueSpecification","valueRequired":true,"valueName":"search_term_string"}}],"inLanguage":"pl-PL"},{"@type":"Organization","@id":"https:\/\/termen.pl\/katalog\/#organization","name":"Termen SA","url":"https:\/\/termen.pl\/katalog\/","logo":{"@type":"ImageObject","inLanguage":"pl-PL","@id":"https:\/\/termen.pl\/katalog\/#\/schema\/logo\/image\/","url":"http:\/\/termen.pl\/katalog\/wp-content\/uploads\/2020\/08\/logo-termen-1.png","contentUrl":"http:\/\/termen.pl\/katalog\/wp-content\/uploads\/2020\/08\/logo-termen-1.png","width":83,"height":92,"caption":"Termen SA"},"image":{"@id":"https:\/\/termen.pl\/katalog\/#\/schema\/logo\/image\/"}}]}},"_links":{"self":[{"href":"https:\/\/termen.pl\/katalog\/wp-json\/wp\/v2\/pages\/6269","targetHints":{"allow":["GET"]}}],"collection":[{"href":"https:\/\/termen.pl\/katalog\/wp-json\/wp\/v2\/pages"}],"about":[{"href":"https:\/\/termen.pl\/katalog\/wp-json\/wp\/v2\/types\/page"}],"author":[{"embeddable":true,"href":"https:\/\/termen.pl\/katalog\/wp-json\/wp\/v2\/users\/1"}],"replies":[{"embeddable":true,"href":"https:\/\/termen.pl\/katalog\/wp-json\/wp\/v2\/comments?post=6269"}],"version-history":[{"count":7,"href":"https:\/\/termen.pl\/katalog\/wp-json\/wp\/v2\/pages\/6269\/revisions"}],"predecessor-version":[{"id":8407,"href":"https:\/\/termen.pl\/katalog\/wp-json\/wp\/v2\/pages\/6269\/revisions\/8407"}],"wp:attachment":[{"href":"https:\/\/termen.pl\/katalog\/wp-json\/wp\/v2\/media?parent=6269"}],"curies":[{"name":"wp","href":"https:\/\/api.w.org\/{rel}","templated":true}]}}